8)/(-6) + (-16)/a?
2, 13
Suppose t = 3*t - 6. Suppose 0 = h - t*w - 4 - 7, 3*w + 5 = -2*h. List the prime factors of h.
2
Let o(x) = -84*x + 6. Let a be o(-2). Let q = -115 + a. List the prime factors of q.
59
Let y = -525 - -802. List the prime factors of y.
277
Let d = -12 + 32. What are the prime factors of d?
2, 5
Let v = 329 + -198. Suppose 5*a - 29 = v. Suppose 2*z + k - 4*k - 28 = 0, 0 = -2*z + 2*k + a. List the prime factors of z.
2, 5
Suppose -y - 4*y + 100 = 0. What are the prime factors of (y - -2)*3/6?
11
Suppose -12*z - 1070 = -3638. List the prime factors of z.
2, 107
Suppose -146 = -3*g - 14. Suppose -4*p + g = 16. What are the prime factors of p?
7
Let a(d) be the first derivative of -d**2 - d + 2. What are the prime factors of a(-11)?
3, 7
Let p be 2 - 1 - 57/(-3). Suppose 2*c + 2*q - 14 = 0, 5*q + p = 2*c + 4*q. What are the prime factors of c?
3
Let c(o) = 5*o**2. Let p be c(1). Let v(t) = -2*t - 2. Let d be v(-3). Suppose -u = -d*b - 17, 2*u + p = -9*b + 4*b. List the prime factors of u.
5
Let c(s) = 17*s. Let w(o) = 2*o - 4. Let a be w(5). Let d = -5 + a. What are the prime factors of c(d)?
17
Suppose 4*i - 145 = 3*y - 2*y, -5*i - y + 188 = 0. Let h = i - 23. List the prime factors of h.
2, 7
Let v = 175 + -118. Suppose p - v = -2*p. What are the prime factors of (1 - 0) + 0 + p?
2, 5
Let w be (-2 + 3/2)*0. Suppose n - 4*n - 2*g + 22 = w, -5*g + 29 = n. Let q = 13 + n. List the prime factors of q.
17
Let c be 342/(-21) + (-6)/(-21). Let b = c + 24. List the prime factors of b.
2
Suppose -5*v - 3*q + 0*q + 72 = 0, -2*q = -v + 17. What are the prime factors of v?
3, 5
What are the prime factors of (32/(-3))/(7/(-21))?
2
What are the prime factors of 3/(-12) + (-69)/(-4)?
17
What are the prime factors of (-1 + 2)*(9 - -66)?
3, 5
Suppose 0 = 5*b + 4*w - 2*w - 18, -5*w = b + 1. Suppose -b*l - 5*o + 62 = 0, o + o = 4. List the prime factors of l.
13
Let u(k) = -7*k - 6. Let c be u(-10). Let m = 184 - c. List the prime factors of (3/6)/(5/m).
2, 3
Suppose -2*d + 13 = 15. What are the prime factors of (-3 - (-35)/d)/(-2)?
19
Let c be (-62)/(-5) - (-6)/(-15). Let h = 24 + c. What are the prime factors of (-4)/(-18) - (-100)/h?
3
Let t(l) = 3*l**2 - 11*l + 6. List the prime factors of t(5).
2, 13
What are the prime factors of (-9 + -17)/((-4)/2)?
13
Suppose -2*u = u + 12. Let o = u + 24. List the prime factors of o.
2, 5
Suppose 2*d - 6 = 132. Let l = d + -41. List the prime factors of l.
2, 7
Let u(z) = -2*z - 10. Let n be u(-6). Suppose 5*s - 3*x + 2*x - 83 = 0, 3*s - 54 = n*x. List the prime factors of s.
2
Let s(x) = 2*x**2 - 3*x + 2. Let v be s(2). Suppose -v*i - 45 + 1 = -4*y, 2*i + 9 = y. What are the prime factors of y?
13
Suppose 0 = 4*h - 3*j + 3, -2*h + 4*j - 4 = -3*h. Suppose -g - 5 = -h*g. What are the prime factors of (-1)/g + 356/20?
2, 3
Suppose 2*k = 0, -3*k - 6 - 14 = -2*q. Suppose -2*h = q - 34. Let a = -1 + h. What are the prime factors of a?
11
Suppose 3*m = 18 - 6. List the prime factors of m.
2
Let a = 0 - -74. List the prime factors of a.
2, 37
Let d be 1 + (2 - (2 - 2)). Suppose 3*a - 10 = -4*v + 4*a, d*a = 2*v. Let i(s) = 3*s - 2. What are the prime factors of i(v)?
7
Let d = -3 - -1. Let s be ((-4)/5)/(4/(-10)). Let a = s - d. List the prime factors of a.
2
Suppose -3*a + 5*f = 0, 4*f + 0*f = 4*a. Suppose -3*n + 9 - 3 = a. List the prime factors of 2/(14/6 - n).
2, 3
Let a be (1 + -3)*(-6)/4. Let h = a - -1. Suppose -1 = -3*z + h*z, 5*u - 61 = z. List the prime factors of u.
2, 3
Suppose 2 = -3*g + 4*y + 8, y = -3*g + 6. Let z = 4 + g. List the prime factors of (z/9)/(2/33).
11
Suppose 0 = 2*l - 4*c + 2*c + 4, -c + 2 = 0. What are the prime factors of 4 + (-140)/(-4) + l?
3, 13
Let k(v) = 33*v**3 - v**2 - v - 1. List the prime factors of k(2).
257
Let p = -9 + 7. Let v = 2 - p. List the prime factors of v.
2
Suppose 0*n - 375 = -3*n. What are the prime factors of n?
5
Let v(t) = -t**3 + 9*t**2 + 2*t - 1. Let u be v(4). Suppose 5*d + 4*y = -33 - 60, -y = 5*d + u. Let o = d - -29. What are the prime factors of o?
2, 3
Let k be (64 - 2)*5/10. Let i = -17 + k. What are the prime factors of i?
2, 7
Suppose 5*w = 2*c + 835, 4*c + c = -3*w - 2010. What are the prime factors of c/(-21) + (-4)/14?
19
Suppose -2*s + 5*q = 19, -3*s - 8*q + 3*q + 9 = 0. Let n = s + 4. What are the prime factors of n?
2
Let j(g) be the second derivative of -g**4/12 + 2*g**3/3 - 3*g**2/2 + 2*g. Let u be j(3). Suppose u = -i - 3*i + 48. What are the prime factors of i?
2, 3
Let x(o) = o**2 - 8*o + 7. Let j be x(6). Let v = j - -11. What are the prime factors of v?
2, 3
Suppose 8*d = 6*d + 20. Suppose 1 = 3*l - 20. Let q = d - l. List the prime factors of q.
3
Let n(p) = p - 4. Let x be n(6). Suppose 0*z + 41 = 5*z + 4*y, 0 = -z + x*y - 3. List the prime factors of z.
5
Suppose 0 = -3*g + 11 + 1. List the prime factors of g.
2
Suppose 5*s + 4*b - 25 = 0, -b - 3 = -2*s + 7. Suppose 5*o - 4*o - 2 = 0. Suppose -4*c - 33 = -s*t, 4*t - 16 = -0*t - o*c. List the prime factors of t.
5
Let g = -36 + 221. List the prime factors of g.
5, 37
Let s be 262/5 - (-8)/(-20). Let k = 8 - 4. Suppose -k*a + s = 8. What are the prime factors of a?
11
Let h = 32 - 12. Let b(u) = u + 5. Let k be b(0). Let o = h - k. What are the prime factors of o?
3, 5
Suppose 0 + 6 = -2*o, 280 = 5*k - 5*o. What are the prime factors of k?
53
Suppose 0*l - 60 = -4*l. List the prime factors of l.
3, 5
Let p be 212/20 - (-4)/10. Suppose -5*w + p = -4. Suppose -5*j + 32 = -w. What are the prime factors of j?
7
Let a(p) = -p**3 + 5*p**2 - 3*p - 2. Let q be a(3). Let j = q - -1. List the prime factors of j.
2
Let x(g) = g + 5. Suppose -3*i = -i. Let a be x(i). Suppose 3*v - a*v = -18. List the prime factors of v.
3
Suppose 911 = 4*r - g, g - 57 = 3*r - 740. What are the prime factors of r?
2, 3, 19
Let m(y) = -y**2 + 5*y + 4. Let f be m(5). Suppose 4*k = f, 0*j + 3*k = -5*j + 13. Suppose j*o = 5*d - d + 20, -5*o + 4*d = -56. List the prime factors of o.
2, 3
Let p be ((-15)/4)/(15/(-80)). Suppose 4*m - 2*m + p = 0. Let q = m - -21. What are the prime factors of q?
11
Let c be 2/8 + 35/4. Suppose c*w + 19 = 10*w. List the prime factors of w.
19
Let v = -22 + 42. What are the prime factors of v?
2, 5
Let x be ((-3)/(-6))/((-2)/16). Let f = x + 0. List the prime factors of (f/(-6))/((-8)/(-60)).
5
Let a(v) = -v**3 + 8*v**2 - 5*v - 5. Let k = -2 + 7. List the prime factors of a(k).
3, 5
Let r = 0 + 1. Let b = -25 - -16. List the prime factors of (1 - 1 - b)*r.
3
List the prime factors of (4 - -134)*1/3.
2, 23
Let t = -24 + 33. Let z(a) = a**2 - 2*a - 12. List the prime factors of z(t).
3, 17
Let n = 42 + -1. What are the prime factors of n?
41
Suppose a - 2*a - 3 = 3*o, 9 = 5*o - 3*a. Let n(g) = 2*g**2 - g + 4. Let m be n(-4). Suppose 4*h + h - m = o. What are the prime factors of h?
2
Let j(s) = 3*s - 2. Let c = 4 + 4. List the prime factors of j(c).
2, 11
Suppose -1 = 3*j - 22. Suppose 4*z + j = 3*r, 2*r = 4*z + 3*r - 13. List the prime factors of 4*((-3)/3 + z).
2
Let m be ((-2)/6)/((-1)/(-69)). Let i = -13 - m. What are the prime factors of i?
2, 5
Suppose 109*o - 112*o = -126. What are the prime factors of o?
2, 3, 7
Suppose 2*y + 2*z = 240, 7*y - 3*y = 2*z + 468. What are the prime factors of y?
2, 59
Suppose -2*u - 4*d = 2*u - 24, 2 = d. Let m = -5 - -11. Suppose -2*t + 33 = l, m + 84 = 5*t + u*l. What are the prime factors of t?
2, 7
Suppose -v = 2*j + 13, -5*v - 21 = 4*j - 4*v. Let y be j*10*(-1)/(-2). What are the prime factors of (-4)/(-10) - 72/y?
2
Suppose -26 = -m - 4*k - 8, -3*m = 3*k - 18. Suppose 0 = m*w - 18 - 18. What are the prime factors of w?
2, 3
Let z = 27 - 24. What are the prime factors of z?
3
Let k = 2 + 1. Suppose -y = -3*y - 5*o + 16, k*y = -o + 50. List the prime factors of y.
2, 3
Let y = 153 + -33. What are the prime factors of y?
2, 3, 5
Suppose 3*v + p + 4*p = 23, 0 = -3*v + 3*p + 15. Let o = v - -5. What are the prime factors of o?
11
Let p(z) = 4*z + 2. Let f be p(-2). Let u(q) = -q + 5. What are the prime factors of u(f)?
11
Suppose w + i = 58, -w + 46 = 3*i - 8*i. What are the prime factors of w?
2, 7
Let u be (0 - 2*-1) + -2. Let g(f) = f + 3 - 2*f + u. List the prime factors of g(0).
3
What are the prime factors of 1*-3*(-71)/3 - -2?
73
Le